sor of r and 333?
9
Let h(g) = -5*g - 2. Let z be h(-1). Suppose a - 3*o = -0 - 8, 0 = -z*a + 4*o - 4. Suppose 0 = -2*y + a + 10. Calculate the highest common divisor of 14 and y.
7
Let x(z) = z**3 - 9*z**2 - 10*z + 12. Let c = -15 - -12. Let f = 13 + c. Let n be x(f). Calculate the highest common divisor of n and 12.
12
Let g be -35*(-12)/(-14)*-2. What is the highest common factor of 45 and g?
15
Let r = -360 - -1348. Calculate the highest common factor of 104 and r.
52
Let k = 13 + -23. Let a = -6 - k. Suppose 0 = -3*x + a*x - 4. Calculate the greatest common factor of 36 and x.
4
Let y = -2149 - -2159. Let m(d) = -5*d. Let f be m(-4). Calculate the greatest common divisor of f and y.
10
Let p(n) = -n**2 - 5*n + 6. Let x be p(-5). Let m = 18 - 13. Suppose 229 = m*f - 11. Calculate the highest common factor of f and x.
6
Let u(r) = -r**3 - 4*r - 3. Let m be u(-1). Suppose -3*j + 2*h + 224 = 0, -j - m*j + 4*h = -232. Calculate the greatest common divisor of j and 9.
9
Suppose 30*c = 23*c + 273. What is the greatest common factor of 3 and c?
3
Let x(v) = -45*v + 55. Let o be x(1). What is the highest common divisor of o and 890?
10
Let q be (-4)/(-5)*(6858/6 + -3). Calculate the greatest common divisor of 48 and q.
48
Let o(m) = 112*m + 1. Let j(x) = 2*x**2 - x - 1. Let z be j(-1). Let k be o(z). Let c = k + -148. What is the greatest common factor of c and 7?
7
Let h = 1706 - 1705. What is the greatest common divisor of 4 and h?
1
Let u(q) = q**3 + 3*q**2 + 6*q + 12. Let g be u(-2). Calculate the greatest common divisor of 22 and g.
2
Let x be (1 - (-18)/(-9)) + 13. Let z(g) = -2*g - 4. Let i be z(-3). Let c be (i/4)/(1/48). Calculate the highest common divisor of x and c.
12
Suppose 9 - 21 = -i. What is the highest common factor of 156 and i?
12
Let c be -7 + (2 - 0 - -2). Let i be (-1)/2*c*(-52 - -56). What is the greatest common divisor of 42 and i?
6
Let t = 677 + -525. What is the highest common factor of 12 and t?
4
Suppose 2*b + 51 + 3 = 0. Let o be (b/2)/(1/(-2)). What is the greatest common factor of o and 3?
3
Let u be 4 - 2 - 20/(-1). Suppose 6*q = q + 20. Suppose q*f + 22 = j + f, -2*j + 44 = -4*f. What is the highest common divisor of j and u?
22
Let p(h) = 11*h + 2*h**3 + 11 - 5*h**2 - 30 - h**3 - 8. Let l be p(8). What is the greatest common factor of l and 23?
23
Suppose 3*g = -g + 288. Let i(c) = 5*c**2 + 6*c + 4. Let a be i(-4). Let l be (-2 + (-24)/(-10))*a. What is the greatest common divisor of g and l?
24
Suppose -1 = -5*q + 124. Suppose 3*u - 4*h - 32 = 0, -2*u + h = 3*u - q. Suppose 0 = u*w + 3*w - 70. Calculate the greatest common factor of 1 and w.
1
Suppose 5*y - 206 = -3*o, -o - 28*y + 29*y = -66. What is the greatest common divisor of o and 737?
67
Let z(k) = -k**3 - 16*k**2 + 18*k + 27. Suppose 0 = -4*x + x - 51. Let u be z(x). What is the greatest common factor of u and 80?
10
Let c be 2/(-12) - 710/60. Let p = 12 + c. Suppose 2*r + r - a = 35, -4*r - a + 42 = p. What is the greatest common factor of 99 and r?
11
Suppose -6*h + 3*h - 5*n + 52 = 0, -5*h = 3*n - 60. Let t be (h - 1)/((-2)/(-10)). Calculate the highest common divisor of t and 10.
10
Let v be 1*1*77*(16 - -15). What is the highest common divisor of 77 and v?
77
Let r = 26 - 16. Let p = 200 - 130. What is the highest common factor of r and p?
10
Suppose -u = -4*z - 725, 2*u - 95 = -4*z - 829. Let l = 259 + z. Calculate the greatest common divisor of l and 7.
7
Let z = 4 + 108. Let i(f) = 2*f**3 + 22*f**2 - 27*f - 29. Let v be i(-12). Calculate the highest common factor of v and z.
7
Let s = -10 - -27. Let x = s - 12. Suppose -98 = 3*l - x*l. What is the greatest common divisor of 7 and l?
7
Suppose 61*o + 20*o - 4455 = 0. What is the highest common factor of o and 5?
5
Let j(g) = 3*g**2 + 13*g + 5. Let h be j(-5). Suppose x - 19 = -5*r, -1 = -3*r + 3*x - 4. Suppose 4*o = -r + h. What is the greatest common divisor of o and 1?
1
Suppose 4*x - z + 0*z = 673, 4*z = 12. Calculate the highest common factor of 26 and x.
13
Suppose -11*i + 1127 - 236 = 0. What is the highest common factor of 9 and i?
9
Let q(z) = -z - 23. Let k be q(-37). Calculate the highest common factor of 434 and k.
14
Let a be 4/(-12) - 76/(-12). Let n be 75/(-18) - -4 - (-1021)/a. What is the highest common factor of n and 68?
34
Suppose 0 = 3*f - 0*f - 288. Let p be -70*1*504/(-147). What is the highest common factor of p and f?
48
Let d be 3/2 + -5*3/(-30). Suppose 31 = j - 2*c, 0 = 2*c - 3*c - d. Calculate the greatest common divisor of j and 27.
27
Let k = -1069 - -1345. Calculate the greatest common factor of 6 and k.
6
Let w = -26 + 9. Let a = 42 + w. Let h = 7 + a. Calculate the greatest common factor of 8 and h.
8
Suppose -2*z + 7*z = h + 14, h = 3*z - 8. Suppose -z*n + 6*n = 315. What is the greatest common factor of 35 and n?
35
Let t(m) = m**3 + 6*m**2 + 2. Let z be t(-2). What is the greatest common divisor of 126 and z?
18
Let s(f) = 2*f + 29. Let c be s(10). What is the highest common factor of 539 and c?
49
Let h be (-1)/((-14)/(-6)) + 1539/63. Let z = h + -22. Calculate the greatest common divisor of z and 3.
1
Suppose 2*o - 1 = -25. Let b be 3/2*o/(-18)*35. Calculate the highest common divisor of 14 and b.
7
Let d be 7 - (-2 - -2 - -3). Suppose 0 = 2*c - 4*y - 10, 0 = d*y + y. Suppose 3 - 183 = -c*w. What is the highest common divisor of w and 24?
12
Suppose 0 = -2*f + 18 + 14. Suppose 2*q - f = 6. Suppose 0 = -2*o + 10, -w + 4*o = -3*w + 218. Calculate the highest common divisor of q and w.
11
Let j = -3 - -7. Let i(k) = 3*k**2 + 4*k - 8. Let f be i(j). Suppose -d = -l + f, 0 = l - 2*d + 3*d - 52. Calculate the greatest common divisor of 18 and l.
18
Suppose 5*r - 1559 = l - 5*l, -2*r = -3*l + 1198. What is the highest common divisor of 12 and l?
12
Let f(y) be the second derivative of -y**5/20 - 7*y**4/6 - 5*y**3/3 + 16*y**2 - y - 18. Let v be f(-14). Calculate the highest common divisor of v and 43.
43
Let k be 90/12*40/(-15). Let c = 52 + k. What is the greatest common factor of 32 and c?
32
Let o be ((-90)/(-8))/((-81)/(-864)). Suppose 5*b - 27 = 48. What is the highest common divisor of o and b?
15
Let i(u) = u**2 - u + 256. Let a be i(0). What is the greatest common factor of 16 and a?
16
Let a be (-15)/(-10)*(-136)/(-3). Calculate the greatest common factor of a and 51.
17
Let m(t) = -t**3 - 3*t**2 - 2*t - 1. Let c be m(-3). Suppose 4*z - 30 = -2*y, 0*z + 2*z = c*y - 75. What is the greatest common divisor of y and 105?
15
Let m(o) = -9*o - 21. Let h(i) = -4*i - 10. Let u(k) = 13*h(k) - 6*m(k). Let x be u(8). Let s be x/3 - (-160)/8. What is the highest common factor of 48 and s?
24
Let z(p) = 2*p**2 - 4*p + 21. Let o be z(4). What is the greatest common factor of 407 and o?
37
Let c = -20 - -20. Suppose 44 = 11*a - c*a. What is the highest common divisor of 68 and a?
4
Let q = 258 - -1129. Calculate the highest common divisor of 19 and q.
19
Let i(u) = -5*u**2 - 13*u + 13. Let s be i(-2). Calculate the highest common divisor of s and 57.
19
Let l = 31 - 22. Let k = l - 1. Let j be k/((1 - 5)/(-44)). What is the greatest common factor of 8 and j?
8
Suppose -3*k = k - 44. Suppose -4*r + 137 = -b, -r + 43 = -0*b - 2*b. Let p = r - k. Calculate the highest common factor of p and 33.
11
Let b = 362 - 138. What is the greatest common divisor of 168 and b?
56
Let g be (-15)/3 - -3*310. What is the greatest common divisor of g and 25?
25
Let n(u) = u + 21. Let j be n(-18). Suppose -6*v + 2*v - d = -308, 4*d - 231 = -j*v. Let h be (0 + (-11)/(-2))*2. What is the highest common divisor of v and h?
11
Let f = 362 - 359. Calculate the greatest common factor of f and 507.
3
Suppose -3*y + 6*y + 21 = 0. Let v be (-14)/(1 - (-9)/y). Suppose 2*a - v = 17. Calculate the greatest common factor of a and 22.
11
Let l = -35 - -53. Calculate the greatest common factor of 171 and l.
9
Suppose -12*h + 8*h = -3*x - 729, 2*x - 894 = -5*h. What is the highest common factor of 54 and h?
18
Let m be 10/(-3)*(2 + (-35)/10). What is the greatest common divisor of 5 and m?
5
Suppose 0 = 5*f - h - 377, -f + 0*f + 5*h = -85. Let s be 0/3 + f/(3/1). Calculate the greatest common factor of s and 5.
5
Let f(u) = -u**3 + 24*u**2 + 6*u - 117. Let q be f(24). Calculate the highest common divi